ivisor of 7 and 959.
7
Calculate the greatest common divisor of 24 and 2968.
8
What is the highest common factor of 10 and 45070?
10
What is the greatest common divisor of 5356 and 104?
52
Calculate the highest common factor of 28 and 364.
28
What is the greatest common factor of 5588 and 44?
44
What is the highest common factor of 29 and 3277?
29
Calculate the greatest common divisor of 10 and 3490.
10
What is the highest common factor of 268 and 4?
4
Calculate the greatest common factor of 171 and 72.
9
What is the highest common factor of 35 and 49?
7
Calculate the highest common divisor of 11952 and 198.
18
Calculate the highest common factor of 969 and 153.
51
Calculate the highest common factor of 2336 and 511.
73
Calculate the highest common factor of 122 and 61.
61
What is the highest common divisor of 14460 and 60?
60
Calculate the highest common factor of 3108 and 252.
84
Calculate the greatest common divisor of 182 and 260.
26
Calculate the greatest common factor of 40053 and 237.
237
Calculate the greatest common factor of 801 and 9.
9
What is the greatest common divisor of 3521 and 35?
7
Calculate the greatest common factor of 2198 and 14.
14
Calculate the highest common factor of 5082 and 294.
42
Calculate the highest common divisor of 1044 and 8236.
116
Calculate the highest common divisor of 6099 and 57.
57
Calculate the greatest common factor of 153 and 85.
17
What is the highest common factor of 64 and 224?
32
Calculate the highest common factor of 435 and 30.
15
What is the greatest common factor of 189 and 63?
63
Calculate the greatest common divisor of 176 and 16.
16
What is the greatest common factor of 2 and 302?
2
Calculate the highest common divisor of 70 and 5565.
35
Calculate the greatest common divisor of 345 and 23.
23
Calculate the highest common factor of 121 and 220.
11
Calculate the greatest common divisor of 4 and 50788.
4
What is the greatest common divisor of 4 and 54?
2
Calculate the greatest common divisor of 2 and 8746.
2
What is the highest common divisor of 1568 and 112?
112
Calculate the highest common factor of 13 and 104.
13
Calculate the highest common factor of 9078 and 204.
102
What is the greatest common divisor of 144547 and 13?
13
What is the highest common factor of 154 and 9009?
77
Calculate the highest common factor of 116 and 3161.
29
Calculate the greatest common divisor of 10375 and 125.
125
What is the greatest common factor of 296 and 111?
37
What is the greatest common divisor of 42 and 7392?
42
What is the greatest common factor of 540 and 216?
108
Calculate the greatest common factor of 10122 and 294.
42
What is the greatest common divisor of 629 and 185?
37
Calculate the greatest common divisor of 24 and 56.
8
What is the highest common factor of 648 and 12?
12
Calculate the highest common factor of 20 and 2420.
20
Calculate the greatest common factor of 345 and 46.
23
Calculate the greatest common factor of 315 and 560.
35
What is the greatest common factor of 4 and 5044?
4
What is the greatest common factor of 968 and 1826?
22
Calculate the greatest common factor of 304 and 13756.
76
Calculate the highest common divisor of 259 and 14.
7
What is the greatest common divisor of 897 and 78?
39
What is the highest common divisor of 58729 and 38?
19
Calculate the greatest common divisor of 351 and 585.
117
Calculate the highest common divisor of 64 and 96.
32
Calculate the greatest common divisor of 377 and 91.
13
What is the highest common divisor of 14527 and 199?
199
What is the greatest common divisor of 126 and 360?
18
Calculate the highest common factor of 196 and 49.
49
Calculate the greatest common factor of 180 and 3360.
60
Calculate the highest common factor of 63 and 11361.
21
What is the highest common divisor of 5033 and 21?
7
What is the greatest common factor of 22 and 3410?
22
What is the highest common factor of 7 and 1981?
7
Calculate the greatest common factor of 42890 and 20.
10
Calculate the greatest common divisor of 10 and 3.
1
Calculate the highest common factor of 83 and 1079.
83
Calculate the greatest common factor of 2060 and 20.
20
Calculate the highest common divisor of 522 and 498.
6
Calculate the greatest common factor of 1482 and 228.
114
Calculate the highest common factor of 112 and 84.
28
What is the greatest common factor of 20008 and 1312?
328
Calculate the highest common divisor of 8 and 20.
4
Calculate the highest common divisor of 1034 and 242.
22
What is the highest common divisor of 300 and 5460?
60
Calculate the greatest common divisor of 408 and 51.
51
Calculate the highest common divisor of 21 and 399.
21
What is the greatest common factor of 8 and 184?
8
What is the highest common factor of 158 and 10?
2
What is the greatest common factor of 2 and 368?
2
What is the greatest common factor of 51 and 3621?
51
Calculate the highest common divisor of 1273 and 703.
19
Calculate the highest common divisor of 5 and 45.
5
What is the highest common factor of 37 and 2?
1
What is the greatest common factor of 1971 and 73?
73
What is the highest common factor of 588 and 686?
98
What is the highest common factor of 400 and 432?
16
Calculate the greatest common divisor of 1005 and 25.
5
What is the greatest common divisor of 19 and 171?
19
What is the highest common divisor of 64 and 832?
64
Calculate the greatest common divisor of 99 and 4323.
33
What is the highest common factor of 486 and 54?
54
What is the greatest common factor of 96 and 57?
3
What is the greatest common factor of 585 and 117?
117
Calculate the highest common divisor of 91 and 13.
13
What is the greatest common divisor of 32 and 288?
32
Calculate the greatest common factor of 1200 and 2352.
48
What is the greatest common factor of 27 and 54?
27
Calculate the greatest common divisor of 68 and 6.
2
What is the highest common divisor of 16 and 48?
16
What is the greatest common divisor of 28 and 7588?
28
What is the greatest common factor of 154 and 3619?
77
What is the highest common divisor of 56 and 1316?
28
What is the highest common divisor of 651 and 483?
21
What is the greatest common divisor of 44 and 20?
4
What is the greatest common factor of 64 and 12704?
32
What is the greatest common divisor of 225 and 27?
9
What is the highest common factor of 90 and 6570?
90
What is the highest common factor of 1064 and 836?
76
Calculate the greatest common factor of 36 and 100.
4
What is the greatest common divisor of 168 and 3192?
168
What is the greatest common factor of 320 and 60?
20
What is the greatest common factor of 728 and 280?
56
Calculate the greatest common factor of 13 and 13.
13
Calculate the highest common divisor of 285 and 2375.
95
Calculate the greatest common factor of 248 and 62.
62
What is the greatest common divisor of 35 and 2870?
35
Calculate the greatest common factor of 20 and 140.
20
What is the greatest common factor of 166 and 249?
83
Calculate the greatest common factor of 9 and 1179.
9
What is the highest common divisor of 45 and 750?
15
Calculate the highest common factor of 4 and 324.
4
Calculate the highest common divisor of 7 and 1169.
7
What is the highest common divisor of 23 and 483?
23
Calculate the greatest common factor of 312 and 351.
39
What is the highest common factor of 65 and 2405?
65
Calculate the highest common divisor of 35985 and 15.
15
What is the highest common divisor of 21 and 525?
21
What is the greatest common divisor of 413 and 49?
7
Calculate the highest common factor of 55 and 99.
11
What is the greatest common divisor of 171 and 95?
19
Calculate the highest common factor of 144 and 80.
16
What is the highest common divisor of 220 and 40?
20
What is the highest common factor of 1323 and 27?
27
What is the highest common divisor of 395 and 3239?
79
What is the highest common factor of 16344 and 27?
9
What is the highest common divisor of 36370 and 10?
10
Calculate the highest common divisor of 190 and 152.
38
Calculate the highest common divisor of 60 and 660.
60
Calculate the highest common divisor of 171 and 12.
3
Calculate the highest common divisor of 861 and 21.
21
Calculate the highest common factor of 168 and 364.
28
Calculate the highest common factor of 140 and 20.
20
What is the greatest common factor of 156 and 